{"id":684,"date":"2022-05-25T21:30:53","date_gmt":"2022-05-25T19:30:53","guid":{"rendered":"https:\/\/pasaretklima.hu\/?post_type=product&#038;p=684"},"modified":"2022-06-05T16:00:17","modified_gmt":"2022-06-05T14:00:17","slug":"daikin-comfora-futesre-optimalizalt","status":"publish","type":"product","link":"https:\/\/pasaretklima.hu\/en\/klimak\/daikin\/daikin-comfora-futesre-optimalizalt\/","title":{"rendered":"Daikin Comfora &#8211; F\u0171t\u00e9sre optimaliz\u00e1lt"},"content":{"rendered":"","protected":false},"excerpt":{"rendered":"<p>DC Inverter kompresszor, A++\/A++ energiabesorol\u00e1s, WIFI vez\u00e9rl\u00e9s (opcion\u00e1lis), Infra t\u00e1vvez\u00e9rl\u0151, Turb\u00f3 h\u0171t\u00e9s, Leveg\u0151sz\u0171r\u0151 bet\u00e9t, Zajtalan m\u0171k\u00f6d\u00e9s, \u00d6ndiagn\u00f3zis, \u00d6ntiszt\u00edt\u00f3 funkci\u00f3, \u00c9jszakai \u00fczemm\u00f3d, LED kijelz\u0151, Hat\u00e9kony f\u0171t\u00e9s -20C fokig, ECO \u00fczemm\u00f3d<\/p>","protected":false},"featured_media":618,"template":"","meta":{"_acf_changed":false,"neve_meta_sidebar":"","neve_meta_container":"","neve_meta_enable_content_width":"off","neve_meta_content_width":100,"neve_meta_title_alignment":"","neve_meta_author_avatar":"","neve_post_elements_order":"","neve_meta_disable_header":"","neve_meta_disable_footer":"","neve_meta_disable_title":""},"product_brand":[],"product_cat":[80],"product_tag":[],"class_list":{"0":"post-684","1":"product","2":"type-product","3":"status-publish","4":"has-post-thumbnail","6":"product_cat-daikin","7":"pa_energiaosztaly-a-a-3","8":"pa_szolgaltatasok-csendes","9":"pa_szolgaltatasok-futesre-optimalizalt","10":"pa_szolgaltatasok-wifi","11":"pa_teljesitmeny-25-kw","12":"pa_teljesitmeny-35-kw","14":"first","15":"instock","16":"shipping-taxable","17":"purchasable","18":"product-type-variable"},"acf":[],"_links":{"self":[{"href":"https:\/\/pasaretklima.hu\/en\/wp-json\/wp\/v2\/product\/684","targetHints":{"allow":["GET"]}}],"collection":[{"href":"https:\/\/pasaretklima.hu\/en\/wp-json\/wp\/v2\/product"}],"about":[{"href":"https:\/\/pasaretklima.hu\/en\/wp-json\/wp\/v2\/types\/product"}],"wp:featuredmedia":[{"embeddable":true,"href":"https:\/\/pasaretklima.hu\/en\/wp-json\/wp\/v2\/media\/618"}],"wp:attachment":[{"href":"https:\/\/pasaretklima.hu\/en\/wp-json\/wp\/v2\/media?parent=684"}],"wp:term":[{"taxonomy":"product_brand","embeddable":true,"href":"https:\/\/pasaretklima.hu\/en\/wp-json\/wp\/v2\/product_brand?post=684"},{"taxonomy":"product_cat","embeddable":true,"href":"https:\/\/pasaretklima.hu\/en\/wp-json\/wp\/v2\/product_cat?post=684"},{"taxonomy":"product_tag","embeddable":true,"href":"https:\/\/pasaretklima.hu\/en\/wp-json\/wp\/v2\/product_tag?post=684"}],"curies":[{"name":"wp","href":"https:\/\/api.w.org\/{rel}","templated":true}]}}

Daikin Comfora &#8211; Fűtésre optimalizált

<p>DC Inverter kompresszor, A++/A++ energiabesorolás, WIFI vezérlés (opcionális), Infra távvezérlő, Turbó hűtés, Levegőszűrő betét, Zajtalan működés, Öndiagnózis, Öntisztító funkció, Éjszakai üzemmód, LED kijelző, Hatékony fűtés -20C fokig, ECO üzemmód</p>
